{"id":9717,"date":"2024-05-22T16:15:10","date_gmt":"2024-05-22T19:15:10","guid":{"rendered":"https:\/\/playcomp.cl\/?post_type=product&#038;p=9717"},"modified":"2024-10-24T15:10:32","modified_gmt":"2024-10-24T18:10:32","slug":"contabilidad-basica-computacional","status":"publish","type":"product","link":"https:\/\/playcomp.cl\/index.php\/producto\/contabilidad-basica-computacional\/","title":{"rendered":"Contabilidad B\u00e1sica Computacional"},"content":{"rendered":"<p><strong>OBJETIVO<\/strong><\/p>\n<p>Utilizar aplicaciones inform\u00e1ticas para generar, mantener y transmitir informaci\u00f3n contable relacionada con las transacciones econ\u00f3micas y Financieras de la empresa.<\/p>\n<p><strong>AL FINALIZAR EL CURSO, LOS PARTICIPANTES ESTAR\u00c1N EN CONDICIONES DE:<\/strong><\/p>\n<ul>\n<li>Manejar t\u00e9cnicas inform\u00e1ticas para transacciones econ\u00f3micas de la empresa.<\/li>\n<li>Utilizar aplicaciones inform\u00e1ticas de contabilidad relacionadas con las transacciones econ\u00f3micas de la empresa.<\/li>\n<\/ul>\n<p><strong>CONTENIDO<\/strong><\/p>\n<p>1. INTRODUCCI\u00d3N A LA CONTABILIDAD<\/p>\n<ul>\n<li>Conceptos Generales<\/li>\n<li>La Contabilidad como sistema de informaci\u00f3n.<\/li>\n<li>Principios Contables<\/li>\n<li>Partida doble<\/li>\n<li>Libro Diario<\/li>\n<li>Libro Mayor<\/li>\n<li>Libro de Inventario<\/li>\n<li>IVA.<\/li>\n<li>Depreciaci\u00f3n<\/li>\n<li>Plan de Cuentas<\/li>\n<\/ul>\n<p>2. CUENTAS CONTABLES<\/p>\n<ul>\n<li>Elementos patrimoniales.<\/li>\n<li>El Activo<\/li>\n<li>Pasivo<\/li>\n<li>Capital Social<\/li>\n<\/ul>\n<p>3. ESTADO DE RESULTADOS<\/p>\n<ul>\n<li>Gastos.<\/li>\n<li>Ingresos (Flujo de Caja)<\/li>\n<li>Cuenta de P\u00e9rdidas y Ganancias.<\/li>\n<li>Relaciones entre Gastos, Compras y Pagos.<\/li>\n<li>Relaciones entre Ingresos y Cobros.<\/li>\n<\/ul>\n<p>4. ESTADOS FINANCIEROS<\/p>\n<ul>\n<li>Balance General<\/li>\n<li>Estado de Ganancias y P\u00e9rdidas<\/li>\n<\/ul>\n<p>5. COSTOS<\/p>\n<ul>\n<li>Conceptos<br \/>\n&#8211; Estructura de costo para: Empresas productivas, comerciales y de servicio<\/li>\n<li>Costos fijos y costos variables<\/li>\n<li>Costos directos y costos indirectos<\/li>\n<\/ul>\n<p>6. ACTUALIZACI\u00d3N TRIBUTARIA<\/p>\n<ul>\n<li>Conceptos B\u00e1sicos<\/li>\n<\/ul>\n<p>7. REFORMA TRIBUTARIA<\/p>\n<ul>\n<li>Declaraci\u00f3n mensual, Formulario 29<\/li>\n<li>Libro de Compra<\/li>\n<li>Libro de Ventas<\/li>\n<\/ul>\n<p>8. APLICACIONES INFORM\u00c1TICAS EN LA CONTABILIDAD<\/p>\n<ul>\n<li>Estructura de los programas de contabilidad.<\/li>\n<li>Funciones y procedimientos.<\/li>\n<li>Introducci\u00f3n de datos.<\/li>\n<li>Sistemas Contables.<\/li>\n<\/ul>\n<p>REQUISITOS PARTICIPANTES<\/p>\n<ul>\n<li>Manejo de lectoescritura.<\/li>\n<li>Manejo de operaciones matem\u00e1ticas b\u00e1sicas requeridas en Contabilidad<\/li>\n<li>Nociones y manejo b\u00e1sico de Windows, Word, Excel, Internet y Correo Electr\u00f3nico.<\/li>\n<li>Preferentemente, Ense\u00f1anza Media completa.<\/li>\n<\/ul>\n<p>EVALUACI\u00d3N<\/p>\n<ul>\n<li>TEST DE DIAGN\u00d3STICO INICIAL<\/li>\n<li>Se realizaran evaluaciones permanentes al t\u00e9rmino de cada jornada, las cuales tienen un car\u00e1cter formativo.<\/li>\n<li>Se evaluar\u00e1 la asistencia, exigiendo un 75 % para la aprobaci\u00f3n.<\/li>\n<\/ul>\n","protected":false},"excerpt":{"rendered":"<p>OBJETIVO Utilizar aplicaciones inform\u00e1ticas para generar, mantener y transmitir informaci\u00f3n contable relacionada con las transacciones econ\u00f3micas y Financieras de la empresa. AL FINALIZAR EL CURSO, LOS PARTICIPANTES ESTAR\u00c1N EN CONDICIONES DE: Manejar t\u00e9cnicas inform\u00e1ticas para transacciones econ\u00f3micas de la empresa. Utilizar aplicaciones inform\u00e1ticas de contabilidad relacionadas con las transacciones econ\u00f3micas de la empresa. CONTENIDO 1&#8230;.<\/p>\n","protected":false},"featured_media":10357,"template":"","meta":{"_acf_changed":false},"product_brand":[],"product_cat":[127],"product_tag":[],"class_list":{"0":"post-9717","1":"product","2":"type-product","3":"status-publish","4":"has-post-thumbnail","6":"product_cat-area-administracion","8":"first","9":"instock","10":"shipping-taxable","11":"product-type-simple"},"acf":[],"yoast_head":"<!-- This site is optimized with the Yoast SEO plugin v24.8.1 - https:\/\/yoast.com\/wordpress\/plugins\/seo\/ -->\n<title>Contabilidad B\u00e1sica Computacional - Play Comp<\/title>\n<meta name=\"robots\" content=\"index, follow, max-snippet:-1, max-image-preview:large, max-video-preview:-1\" \/>\n<link rel=\"canonical\" href=\"https:\/\/playcomp.cl\/index.php\/producto\/contabilidad-basica-computacional\/\" \/>\n<meta property=\"og:locale\" content=\"es_ES\" \/>\n<meta property=\"og:type\" content=\"article\" \/>\n<meta property=\"og:title\" content=\"Contabilidad B\u00e1sica Computacional - Play Comp\" \/>\n<meta property=\"og:description\" content=\"OBJETIVO Utilizar aplicaciones inform\u00e1ticas para generar, mantener y transmitir informaci\u00f3n contable relacionada con las transacciones econ\u00f3micas y Financieras de la empresa. AL FINALIZAR EL CURSO, LOS PARTICIPANTES ESTAR\u00c1N EN CONDICIONES DE: Manejar t\u00e9cnicas inform\u00e1ticas para transacciones econ\u00f3micas de la empresa. Utilizar aplicaciones inform\u00e1ticas de contabilidad relacionadas con las transacciones econ\u00f3micas de la empresa. CONTENIDO 1....\" \/>\n<meta property=\"og:url\" content=\"https:\/\/playcomp.cl\/index.php\/producto\/contabilidad-basica-computacional\/\" \/>\n<meta property=\"og:site_name\" content=\"Play Comp\" \/>\n<meta property=\"article:publisher\" content=\"https:\/\/www.facebook.com\/playcompchile\/\" \/>\n<meta property=\"article:modified_time\" content=\"2024-10-24T18:10:32+00:00\" \/>\n<meta property=\"og:image\" content=\"https:\/\/playcomp.cl\/wp-content\/uploads\/2024\/05\/TNS-CONTABILIDAD-GENERAL-2.jpg\" \/>\n\t<meta property=\"og:image:width\" content=\"600\" \/>\n\t<meta property=\"og:image:height\" content=\"600\" \/>\n\t<meta property=\"og:image:type\" content=\"image\/jpeg\" \/>\n<meta name=\"twitter:card\" content=\"summary_large_image\" \/>\n<meta name=\"twitter:label1\" content=\"Tiempo de lectura\" \/>\n\t<meta name=\"twitter:data1\" content=\"1 minuto\" \/>\n<script type=\"application\/ld+json\" class=\"yoast-schema-graph\">{\"@context\":\"https:\/\/schema.org\",\"@graph\":[{\"@type\":\"WebPage\",\"@id\":\"https:\/\/playcomp.cl\/index.php\/producto\/contabilidad-basica-computacional\/\",\"url\":\"https:\/\/playcomp.cl\/index.php\/producto\/contabilidad-basica-computacional\/\",\"name\":\"Contabilidad B\u00e1sica Computacional - Play Comp\",\"isPartOf\":{\"@id\":\"https:\/\/playcomp.cl\/#website\"},\"primaryImageOfPage\":{\"@id\":\"https:\/\/playcomp.cl\/index.php\/producto\/contabilidad-basica-computacional\/#primaryimage\"},\"image\":{\"@id\":\"https:\/\/playcomp.cl\/index.php\/producto\/contabilidad-basica-computacional\/#primaryimage\"},\"thumbnailUrl\":\"https:\/\/playcomp.cl\/wp-content\/uploads\/2024\/05\/TNS-CONTABILIDAD-GENERAL-2.jpg\",\"datePublished\":\"2024-05-22T19:15:10+00:00\",\"dateModified\":\"2024-10-24T18:10:32+00:00\",\"breadcrumb\":{\"@id\":\"https:\/\/playcomp.cl\/index.php\/producto\/contabilidad-basica-computacional\/#breadcrumb\"},\"inLanguage\":\"es\",\"potentialAction\":[{\"@type\":\"ReadAction\",\"target\":[\"https:\/\/playcomp.cl\/index.php\/producto\/contabilidad-basica-computacional\/\"]}]},{\"@type\":\"ImageObject\",\"inLanguage\":\"es\",\"@id\":\"https:\/\/playcomp.cl\/index.php\/producto\/contabilidad-basica-computacional\/#primaryimage\",\"url\":\"https:\/\/playcomp.cl\/wp-content\/uploads\/2024\/05\/TNS-CONTABILIDAD-GENERAL-2.jpg\",\"contentUrl\":\"https:\/\/playcomp.cl\/wp-content\/uploads\/2024\/05\/TNS-CONTABILIDAD-GENERAL-2.jpg\",\"width\":600,\"height\":600},{\"@type\":\"BreadcrumbList\",\"@id\":\"https:\/\/playcomp.cl\/index.php\/producto\/contabilidad-basica-computacional\/#breadcrumb\",\"itemListElement\":[{\"@type\":\"ListItem\",\"position\":1,\"name\":\"Portada\",\"item\":\"https:\/\/playcomp.cl\/\"},{\"@type\":\"ListItem\",\"position\":2,\"name\":\"Tienda\",\"item\":\"https:\/\/playcomp.cl\/index.php\/tienda\/\"},{\"@type\":\"ListItem\",\"position\":3,\"name\":\"Contabilidad B\u00e1sica Computacional\"}]},{\"@type\":\"WebSite\",\"@id\":\"https:\/\/playcomp.cl\/#website\",\"url\":\"https:\/\/playcomp.cl\/\",\"name\":\"Play Comp\",\"description\":\"Organismo T\u00e9cnico de Capacitaci\u00f3n\",\"publisher\":{\"@id\":\"https:\/\/playcomp.cl\/#organization\"},\"potentialAction\":[{\"@type\":\"SearchAction\",\"target\":{\"@type\":\"EntryPoint\",\"urlTemplate\":\"https:\/\/playcomp.cl\/?s={search_term_string}\"},\"query-input\":{\"@type\":\"PropertyValueSpecification\",\"valueRequired\":true,\"valueName\":\"search_term_string\"}}],\"inLanguage\":\"es\"},{\"@type\":\"Organization\",\"@id\":\"https:\/\/playcomp.cl\/#organization\",\"name\":\"Play Comp\",\"url\":\"https:\/\/playcomp.cl\/\",\"logo\":{\"@type\":\"ImageObject\",\"inLanguage\":\"es\",\"@id\":\"https:\/\/playcomp.cl\/#\/schema\/logo\/image\/\",\"url\":\"https:\/\/playcomp.cl\/wp-content\/uploads\/2017\/07\/Artboard-36.png\",\"contentUrl\":\"https:\/\/playcomp.cl\/wp-content\/uploads\/2017\/07\/Artboard-36.png\",\"width\":423,\"height\":112,\"caption\":\"Play Comp\"},\"image\":{\"@id\":\"https:\/\/playcomp.cl\/#\/schema\/logo\/image\/\"},\"sameAs\":[\"https:\/\/www.facebook.com\/playcompchile\/\",\"https:\/\/www.instagram.com\/playcomp_capacitacion?igsh=OGtwZzBsYW5qbTF5\"]}]}<\/script>\n<!-- \/ Yoast SEO plugin. -->","yoast_head_json":{"title":"Contabilidad B\u00e1sica Computacional - Play Comp","robots":{"index":"index","follow":"follow","max-snippet":"max-snippet:-1","max-image-preview":"max-image-preview:large","max-video-preview":"max-video-preview:-1"},"canonical":"https:\/\/playcomp.cl\/index.php\/producto\/contabilidad-basica-computacional\/","og_locale":"es_ES","og_type":"article","og_title":"Contabilidad B\u00e1sica Computacional - Play Comp","og_description":"OBJETIVO Utilizar aplicaciones inform\u00e1ticas para generar, mantener y transmitir informaci\u00f3n contable relacionada con las transacciones econ\u00f3micas y Financieras de la empresa. AL FINALIZAR EL CURSO, LOS PARTICIPANTES ESTAR\u00c1N EN CONDICIONES DE: Manejar t\u00e9cnicas inform\u00e1ticas para transacciones econ\u00f3micas de la empresa. Utilizar aplicaciones inform\u00e1ticas de contabilidad relacionadas con las transacciones econ\u00f3micas de la empresa. CONTENIDO 1....","og_url":"https:\/\/playcomp.cl\/index.php\/producto\/contabilidad-basica-computacional\/","og_site_name":"Play Comp","article_publisher":"https:\/\/www.facebook.com\/playcompchile\/","article_modified_time":"2024-10-24T18:10:32+00:00","og_image":[{"width":600,"height":600,"url":"https:\/\/playcomp.cl\/wp-content\/uploads\/2024\/05\/TNS-CONTABILIDAD-GENERAL-2.jpg","type":"image\/jpeg"}],"twitter_card":"summary_large_image","twitter_misc":{"Tiempo de lectura":"1 minuto"},"schema":{"@context":"https:\/\/schema.org","@graph":[{"@type":"WebPage","@id":"https:\/\/playcomp.cl\/index.php\/producto\/contabilidad-basica-computacional\/","url":"https:\/\/playcomp.cl\/index.php\/producto\/contabilidad-basica-computacional\/","name":"Contabilidad B\u00e1sica Computacional - Play Comp","isPartOf":{"@id":"https:\/\/playcomp.cl\/#website"},"primaryImageOfPage":{"@id":"https:\/\/playcomp.cl\/index.php\/producto\/contabilidad-basica-computacional\/#primaryimage"},"image":{"@id":"https:\/\/playcomp.cl\/index.php\/producto\/contabilidad-basica-computacional\/#primaryimage"},"thumbnailUrl":"https:\/\/playcomp.cl\/wp-content\/uploads\/2024\/05\/TNS-CONTABILIDAD-GENERAL-2.jpg","datePublished":"2024-05-22T19:15:10+00:00","dateModified":"2024-10-24T18:10:32+00:00","breadcrumb":{"@id":"https:\/\/playcomp.cl\/index.php\/producto\/contabilidad-basica-computacional\/#breadcrumb"},"inLanguage":"es","potentialAction":[{"@type":"ReadAction","target":["https:\/\/playcomp.cl\/index.php\/producto\/contabilidad-basica-computacional\/"]}]},{"@type":"ImageObject","inLanguage":"es","@id":"https:\/\/playcomp.cl\/index.php\/producto\/contabilidad-basica-computacional\/#primaryimage","url":"https:\/\/playcomp.cl\/wp-content\/uploads\/2024\/05\/TNS-CONTABILIDAD-GENERAL-2.jpg","contentUrl":"https:\/\/playcomp.cl\/wp-content\/uploads\/2024\/05\/TNS-CONTABILIDAD-GENERAL-2.jpg","width":600,"height":600},{"@type":"BreadcrumbList","@id":"https:\/\/playcomp.cl\/index.php\/producto\/contabilidad-basica-computacional\/#breadcrumb","itemListElement":[{"@type":"ListItem","position":1,"name":"Portada","item":"https:\/\/playcomp.cl\/"},{"@type":"ListItem","position":2,"name":"Tienda","item":"https:\/\/playcomp.cl\/index.php\/tienda\/"},{"@type":"ListItem","position":3,"name":"Contabilidad B\u00e1sica Computacional"}]},{"@type":"WebSite","@id":"https:\/\/playcomp.cl\/#website","url":"https:\/\/playcomp.cl\/","name":"Play Comp","description":"Organismo T\u00e9cnico de Capacitaci\u00f3n","publisher":{"@id":"https:\/\/playcomp.cl\/#organization"},"potentialAction":[{"@type":"SearchAction","target":{"@type":"EntryPoint","urlTemplate":"https:\/\/playcomp.cl\/?s={search_term_string}"},"query-input":{"@type":"PropertyValueSpecification","valueRequired":true,"valueName":"search_term_string"}}],"inLanguage":"es"},{"@type":"Organization","@id":"https:\/\/playcomp.cl\/#organization","name":"Play Comp","url":"https:\/\/playcomp.cl\/","logo":{"@type":"ImageObject","inLanguage":"es","@id":"https:\/\/playcomp.cl\/#\/schema\/logo\/image\/","url":"https:\/\/playcomp.cl\/wp-content\/uploads\/2017\/07\/Artboard-36.png","contentUrl":"https:\/\/playcomp.cl\/wp-content\/uploads\/2017\/07\/Artboard-36.png","width":423,"height":112,"caption":"Play Comp"},"image":{"@id":"https:\/\/playcomp.cl\/#\/schema\/logo\/image\/"},"sameAs":["https:\/\/www.facebook.com\/playcompchile\/","https:\/\/www.instagram.com\/playcomp_capacitacion?igsh=OGtwZzBsYW5qbTF5"]}]}},"_links":{"self":[{"href":"https:\/\/playcomp.cl\/index.php\/wp-json\/wp\/v2\/product\/9717","targetHints":{"allow":["GET"]}}],"collection":[{"href":"https:\/\/playcomp.cl\/index.php\/wp-json\/wp\/v2\/product"}],"about":[{"href":"https:\/\/playcomp.cl\/index.php\/wp-json\/wp\/v2\/types\/product"}],"wp:featuredmedia":[{"embeddable":true,"href":"https:\/\/playcomp.cl\/index.php\/wp-json\/wp\/v2\/media\/10357"}],"wp:attachment":[{"href":"https:\/\/playcomp.cl\/index.php\/wp-json\/wp\/v2\/media?parent=9717"}],"wp:term":[{"taxonomy":"product_brand","embeddable":true,"href":"https:\/\/playcomp.cl\/index.php\/wp-json\/wp\/v2\/product_brand?post=9717"},{"taxonomy":"product_cat","embeddable":true,"href":"https:\/\/playcomp.cl\/index.php\/wp-json\/wp\/v2\/product_cat?post=9717"},{"taxonomy":"product_tag","embeddable":true,"href":"https:\/\/playcomp.cl\/index.php\/wp-json\/wp\/v2\/product_tag?post=9717"}],"curies":[{"name":"wp","href":"https:\/\/api.w.org\/{rel}","templated":true}]}}