{"id":9708,"date":"2024-05-22T16:06:17","date_gmt":"2024-05-22T19:06:17","guid":{"rendered":"https:\/\/playcomp.cl\/?post_type=product&#038;p=9708"},"modified":"2024-10-24T15:43:44","modified_gmt":"2024-10-24T18:43:44","slug":"comercio-exterior-y-transporte-internacional","status":"publish","type":"product","link":"https:\/\/playcomp.cl\/index.php\/producto\/comercio-exterior-y-transporte-internacional\/","title":{"rendered":"Comercio exterior y transporte internacional"},"content":{"rendered":"<div class=\"w-post-elm post_content us_custom_7dfdecf8 without_sections\">\n<p><strong>OBJETIVO GENERAL<\/strong><\/p>\n<p>Al finalizar el curso, el estudiante podr\u00e1 diferenciar las fases de la log\u00edstica y el transporte como proceso interno aplicable en cualquier empresa que busca cumplir con una serie de etapas necesarias para el lanzamiento de un producto competitivo al mercado internacional.<\/p>\n<p><strong>CONTENIDO<\/strong><\/p>\n<p><strong>M\u00f3dulo I: INTRODUCCI\u00d3N AL COMERCIO EXTERIOR<\/strong><\/p>\n<ul>\n<li>Conceptos b\u00e1sicos y participantes en el comercio exterior.<\/li>\n<li>Tipos de destinaciones aduaneras y reg\u00edmenes especiales (Destinaciones suspensivas y definitivas) Pol\u00edticas y tratados en el comercio Internacional.<\/li>\n<li>Tipos de documentaci\u00f3n y contratos utilizados para el proceso de exportaci\u00f3n.<\/li>\n<li>Barreras y obst\u00e1culos que se presentan en las operaciones de exportaci\u00f3n.<\/li>\n<\/ul>\n<p><strong>M\u00f3dulo II: NORMATIVA VIGENTE Y MEDIOS DE PAGO EN EL COMERCIO INTERNACIONAL<\/strong><\/p>\n<ul>\n<li>Tipos de medios de pago internacional.<\/li>\n<li>Financiamiento para operaciones de exportaci\u00f3n.<\/li>\n<li>Normativa vigente y documentaci\u00f3n.<\/li>\n<li>Documentaci\u00f3n comercial y bancaria.<\/li>\n<\/ul>\n<p><strong>M\u00f3dulo III: LOG\u00cdSTICA Y COMERCIO INTERNACIONAL<\/strong><\/p>\n<ul>\n<li>Identificar los medios de transporte en el comercio internacional.<\/li>\n<li>Tipo de transporte internacional (Mar\u00edtimo, terrestre y multimodal).<\/li>\n<li>Envases, embalajes, pallets y contenedores.<\/li>\n<li>Planificaci\u00f3n y log\u00edstica en el comercio internacional.<\/li>\n<li>Acceso a los mercados internacionales.<\/li>\n<li>Secuencia de una operaci\u00f3n de exportaci\u00f3n.<\/li>\n<li>La log\u00edstica en el proceso de exportaci\u00f3n.<\/li>\n<li>Manejar los tipos de seguros en transporte para exportaci\u00f3n.<\/li>\n<\/ul>\n<\/div>\n","protected":false},"excerpt":{"rendered":"<p>OBJETIVO GENERAL Al finalizar el curso, el estudiante podr\u00e1 diferenciar las fases de la log\u00edstica y el transporte como proceso interno aplicable en cualquier empresa que busca cumplir con una serie de etapas necesarias para el lanzamiento de un producto competitivo al mercado internacional. CONTENIDO M\u00f3dulo I: INTRODUCCI\u00d3N AL COMERCIO EXTERIOR Conceptos b\u00e1sicos y participantes&#8230;<\/p>\n","protected":false},"featured_media":10372,"template":"","meta":{"_acf_changed":false},"product_brand":[],"product_cat":[127],"product_tag":[],"class_list":{"0":"post-9708","1":"product","2":"type-product","3":"status-publish","4":"has-post-thumbnail","6":"product_cat-area-administracion","8":"first","9":"instock","10":"shipping-taxable","11":"product-type-simple"},"acf":[],"yoast_head":"<!-- This site is optimized with the Yoast SEO plugin v24.8.1 - https:\/\/yoast.com\/wordpress\/plugins\/seo\/ -->\n<title>Comercio exterior y transporte internacional - Play Comp<\/title>\n<meta name=\"robots\" content=\"index, follow, max-snippet:-1, max-image-preview:large, max-video-preview:-1\" \/>\n<link rel=\"canonical\" href=\"https:\/\/playcomp.cl\/index.php\/producto\/comercio-exterior-y-transporte-internacional\/\" \/>\n<meta property=\"og:locale\" content=\"es_ES\" \/>\n<meta property=\"og:type\" content=\"article\" \/>\n<meta property=\"og:title\" content=\"Comercio exterior y transporte internacional - Play Comp\" \/>\n<meta property=\"og:description\" content=\"OBJETIVO GENERAL Al finalizar el curso, el estudiante podr\u00e1 diferenciar las fases de la log\u00edstica y el transporte como proceso interno aplicable en cualquier empresa que busca cumplir con una serie de etapas necesarias para el lanzamiento de un producto competitivo al mercado internacional. CONTENIDO M\u00f3dulo I: INTRODUCCI\u00d3N AL COMERCIO EXTERIOR Conceptos b\u00e1sicos y participantes...\" \/>\n<meta property=\"og:url\" content=\"https:\/\/playcomp.cl\/index.php\/producto\/comercio-exterior-y-transporte-internacional\/\" \/>\n<meta property=\"og:site_name\" content=\"Play Comp\" \/>\n<meta property=\"article:publisher\" content=\"https:\/\/www.facebook.com\/playcompchile\/\" \/>\n<meta property=\"article:modified_time\" content=\"2024-10-24T18:43:44+00:00\" \/>\n<meta property=\"og:image\" content=\"https:\/\/playcomp.cl\/wp-content\/uploads\/2024\/05\/IMG-COMUNICACION-3.jpg\" \/>\n\t<meta property=\"og:image:width\" content=\"300\" \/>\n\t<meta property=\"og:image:height\" content=\"300\" \/>\n\t<meta property=\"og:image:type\" content=\"image\/jpeg\" \/>\n<meta name=\"twitter:card\" content=\"summary_large_image\" \/>\n<meta name=\"twitter:label1\" content=\"Tiempo de lectura\" \/>\n\t<meta name=\"twitter:data1\" content=\"1 minuto\" \/>\n<script type=\"application\/ld+json\" class=\"yoast-schema-graph\">{\"@context\":\"https:\/\/schema.org\",\"@graph\":[{\"@type\":\"WebPage\",\"@id\":\"https:\/\/playcomp.cl\/index.php\/producto\/comercio-exterior-y-transporte-internacional\/\",\"url\":\"https:\/\/playcomp.cl\/index.php\/producto\/comercio-exterior-y-transporte-internacional\/\",\"name\":\"Comercio exterior y transporte internacional - Play Comp\",\"isPartOf\":{\"@id\":\"https:\/\/playcomp.cl\/#website\"},\"primaryImageOfPage\":{\"@id\":\"https:\/\/playcomp.cl\/index.php\/producto\/comercio-exterior-y-transporte-internacional\/#primaryimage\"},\"image\":{\"@id\":\"https:\/\/playcomp.cl\/index.php\/producto\/comercio-exterior-y-transporte-internacional\/#primaryimage\"},\"thumbnailUrl\":\"https:\/\/playcomp.cl\/wp-content\/uploads\/2024\/05\/IMG-COMUNICACION-3.jpg\",\"datePublished\":\"2024-05-22T19:06:17+00:00\",\"dateModified\":\"2024-10-24T18:43:44+00:00\",\"breadcrumb\":{\"@id\":\"https:\/\/playcomp.cl\/index.php\/producto\/comercio-exterior-y-transporte-internacional\/#breadcrumb\"},\"inLanguage\":\"es\",\"potentialAction\":[{\"@type\":\"ReadAction\",\"target\":[\"https:\/\/playcomp.cl\/index.php\/producto\/comercio-exterior-y-transporte-internacional\/\"]}]},{\"@type\":\"ImageObject\",\"inLanguage\":\"es\",\"@id\":\"https:\/\/playcomp.cl\/index.php\/producto\/comercio-exterior-y-transporte-internacional\/#primaryimage\",\"url\":\"https:\/\/playcomp.cl\/wp-content\/uploads\/2024\/05\/IMG-COMUNICACION-3.jpg\",\"contentUrl\":\"https:\/\/playcomp.cl\/wp-content\/uploads\/2024\/05\/IMG-COMUNICACION-3.jpg\",\"width\":300,\"height\":300},{\"@type\":\"BreadcrumbList\",\"@id\":\"https:\/\/playcomp.cl\/index.php\/producto\/comercio-exterior-y-transporte-internacional\/#breadcrumb\",\"itemListElement\":[{\"@type\":\"ListItem\",\"position\":1,\"name\":\"Portada\",\"item\":\"https:\/\/playcomp.cl\/\"},{\"@type\":\"ListItem\",\"position\":2,\"name\":\"Tienda\",\"item\":\"https:\/\/playcomp.cl\/index.php\/tienda\/\"},{\"@type\":\"ListItem\",\"position\":3,\"name\":\"Comercio exterior y transporte internacional\"}]},{\"@type\":\"WebSite\",\"@id\":\"https:\/\/playcomp.cl\/#website\",\"url\":\"https:\/\/playcomp.cl\/\",\"name\":\"Play Comp\",\"description\":\"Organismo T\u00e9cnico de Capacitaci\u00f3n\",\"publisher\":{\"@id\":\"https:\/\/playcomp.cl\/#organization\"},\"potentialAction\":[{\"@type\":\"SearchAction\",\"target\":{\"@type\":\"EntryPoint\",\"urlTemplate\":\"https:\/\/playcomp.cl\/?s={search_term_string}\"},\"query-input\":{\"@type\":\"PropertyValueSpecification\",\"valueRequired\":true,\"valueName\":\"search_term_string\"}}],\"inLanguage\":\"es\"},{\"@type\":\"Organization\",\"@id\":\"https:\/\/playcomp.cl\/#organization\",\"name\":\"Play Comp\",\"url\":\"https:\/\/playcomp.cl\/\",\"logo\":{\"@type\":\"ImageObject\",\"inLanguage\":\"es\",\"@id\":\"https:\/\/playcomp.cl\/#\/schema\/logo\/image\/\",\"url\":\"https:\/\/playcomp.cl\/wp-content\/uploads\/2017\/07\/Artboard-36.png\",\"contentUrl\":\"https:\/\/playcomp.cl\/wp-content\/uploads\/2017\/07\/Artboard-36.png\",\"width\":423,\"height\":112,\"caption\":\"Play Comp\"},\"image\":{\"@id\":\"https:\/\/playcomp.cl\/#\/schema\/logo\/image\/\"},\"sameAs\":[\"https:\/\/www.facebook.com\/playcompchile\/\",\"https:\/\/www.instagram.com\/playcomp_capacitacion?igsh=OGtwZzBsYW5qbTF5\"]}]}<\/script>\n<!-- \/ Yoast SEO plugin. -->","yoast_head_json":{"title":"Comercio exterior y transporte internacional - Play Comp","robots":{"index":"index","follow":"follow","max-snippet":"max-snippet:-1","max-image-preview":"max-image-preview:large","max-video-preview":"max-video-preview:-1"},"canonical":"https:\/\/playcomp.cl\/index.php\/producto\/comercio-exterior-y-transporte-internacional\/","og_locale":"es_ES","og_type":"article","og_title":"Comercio exterior y transporte internacional - Play Comp","og_description":"OBJETIVO GENERAL Al finalizar el curso, el estudiante podr\u00e1 diferenciar las fases de la log\u00edstica y el transporte como proceso interno aplicable en cualquier empresa que busca cumplir con una serie de etapas necesarias para el lanzamiento de un producto competitivo al mercado internacional. CONTENIDO M\u00f3dulo I: INTRODUCCI\u00d3N AL COMERCIO EXTERIOR Conceptos b\u00e1sicos y participantes...","og_url":"https:\/\/playcomp.cl\/index.php\/producto\/comercio-exterior-y-transporte-internacional\/","og_site_name":"Play Comp","article_publisher":"https:\/\/www.facebook.com\/playcompchile\/","article_modified_time":"2024-10-24T18:43:44+00:00","og_image":[{"width":300,"height":300,"url":"https:\/\/playcomp.cl\/wp-content\/uploads\/2024\/05\/IMG-COMUNICACION-3.jpg","type":"image\/jpeg"}],"twitter_card":"summary_large_image","twitter_misc":{"Tiempo de lectura":"1 minuto"},"schema":{"@context":"https:\/\/schema.org","@graph":[{"@type":"WebPage","@id":"https:\/\/playcomp.cl\/index.php\/producto\/comercio-exterior-y-transporte-internacional\/","url":"https:\/\/playcomp.cl\/index.php\/producto\/comercio-exterior-y-transporte-internacional\/","name":"Comercio exterior y transporte internacional - Play Comp","isPartOf":{"@id":"https:\/\/playcomp.cl\/#website"},"primaryImageOfPage":{"@id":"https:\/\/playcomp.cl\/index.php\/producto\/comercio-exterior-y-transporte-internacional\/#primaryimage"},"image":{"@id":"https:\/\/playcomp.cl\/index.php\/producto\/comercio-exterior-y-transporte-internacional\/#primaryimage"},"thumbnailUrl":"https:\/\/playcomp.cl\/wp-content\/uploads\/2024\/05\/IMG-COMUNICACION-3.jpg","datePublished":"2024-05-22T19:06:17+00:00","dateModified":"2024-10-24T18:43:44+00:00","breadcrumb":{"@id":"https:\/\/playcomp.cl\/index.php\/producto\/comercio-exterior-y-transporte-internacional\/#breadcrumb"},"inLanguage":"es","potentialAction":[{"@type":"ReadAction","target":["https:\/\/playcomp.cl\/index.php\/producto\/comercio-exterior-y-transporte-internacional\/"]}]},{"@type":"ImageObject","inLanguage":"es","@id":"https:\/\/playcomp.cl\/index.php\/producto\/comercio-exterior-y-transporte-internacional\/#primaryimage","url":"https:\/\/playcomp.cl\/wp-content\/uploads\/2024\/05\/IMG-COMUNICACION-3.jpg","contentUrl":"https:\/\/playcomp.cl\/wp-content\/uploads\/2024\/05\/IMG-COMUNICACION-3.jpg","width":300,"height":300},{"@type":"BreadcrumbList","@id":"https:\/\/playcomp.cl\/index.php\/producto\/comercio-exterior-y-transporte-internacional\/#breadcrumb","itemListElement":[{"@type":"ListItem","position":1,"name":"Portada","item":"https:\/\/playcomp.cl\/"},{"@type":"ListItem","position":2,"name":"Tienda","item":"https:\/\/playcomp.cl\/index.php\/tienda\/"},{"@type":"ListItem","position":3,"name":"Comercio exterior y transporte internacional"}]},{"@type":"WebSite","@id":"https:\/\/playcomp.cl\/#website","url":"https:\/\/playcomp.cl\/","name":"Play Comp","description":"Organismo T\u00e9cnico de Capacitaci\u00f3n","publisher":{"@id":"https:\/\/playcomp.cl\/#organization"},"potentialAction":[{"@type":"SearchAction","target":{"@type":"EntryPoint","urlTemplate":"https:\/\/playcomp.cl\/?s={search_term_string}"},"query-input":{"@type":"PropertyValueSpecification","valueRequired":true,"valueName":"search_term_string"}}],"inLanguage":"es"},{"@type":"Organization","@id":"https:\/\/playcomp.cl\/#organization","name":"Play Comp","url":"https:\/\/playcomp.cl\/","logo":{"@type":"ImageObject","inLanguage":"es","@id":"https:\/\/playcomp.cl\/#\/schema\/logo\/image\/","url":"https:\/\/playcomp.cl\/wp-content\/uploads\/2017\/07\/Artboard-36.png","contentUrl":"https:\/\/playcomp.cl\/wp-content\/uploads\/2017\/07\/Artboard-36.png","width":423,"height":112,"caption":"Play Comp"},"image":{"@id":"https:\/\/playcomp.cl\/#\/schema\/logo\/image\/"},"sameAs":["https:\/\/www.facebook.com\/playcompchile\/","https:\/\/www.instagram.com\/playcomp_capacitacion?igsh=OGtwZzBsYW5qbTF5"]}]}},"_links":{"self":[{"href":"https:\/\/playcomp.cl\/index.php\/wp-json\/wp\/v2\/product\/9708","targetHints":{"allow":["GET"]}}],"collection":[{"href":"https:\/\/playcomp.cl\/index.php\/wp-json\/wp\/v2\/product"}],"about":[{"href":"https:\/\/playcomp.cl\/index.php\/wp-json\/wp\/v2\/types\/product"}],"wp:featuredmedia":[{"embeddable":true,"href":"https:\/\/playcomp.cl\/index.php\/wp-json\/wp\/v2\/media\/10372"}],"wp:attachment":[{"href":"https:\/\/playcomp.cl\/index.php\/wp-json\/wp\/v2\/media?parent=9708"}],"wp:term":[{"taxonomy":"product_brand","embeddable":true,"href":"https:\/\/playcomp.cl\/index.php\/wp-json\/wp\/v2\/product_brand?post=9708"},{"taxonomy":"product_cat","embeddable":true,"href":"https:\/\/playcomp.cl\/index.php\/wp-json\/wp\/v2\/product_cat?post=9708"},{"taxonomy":"product_tag","embeddable":true,"href":"https:\/\/playcomp.cl\/index.php\/wp-json\/wp\/v2\/product_tag?post=9708"}],"curies":[{"name":"wp","href":"https:\/\/api.w.org\/{rel}","templated":true}]}}