{"id":10227,"date":"2024-10-11T15:07:44","date_gmt":"2024-10-11T18:07:44","guid":{"rendered":"https:\/\/playcomp.cl\/?post_type=product&#038;p=10227"},"modified":"2025-05-25T18:19:05","modified_gmt":"2025-05-25T21:19:05","slug":"python-nivel-intermedio","status":"publish","type":"product","link":"https:\/\/playcomp.cl\/index.php\/producto\/python-nivel-intermedio\/","title":{"rendered":"Python Nivel Intermedio"},"content":{"rendered":"<p><strong>OBJETIVO<\/strong><br \/>\nDesarrollar algoritmos a partir de situaciones reales, aplicando herramientas concretas para el procesamiento y extracci\u00f3n de informaci\u00f3n en el lenguaje de programaci\u00f3n\u00a0Python,\u00a0generando soluciones creativas, para el desarrollo de c\u00f3digos de programaci\u00f3n.<\/p>\n<p><strong>DIRIGIDO A<\/strong><br \/>\nProfesionales y t\u00e9cnico-profesional con conocimientos b\u00e1sicos de Phyton en programaci\u00f3n.<\/p>\n<p><strong>TEMARIO<\/strong><\/p>\n<p><strong>Repaso nivel b\u00e1sico<\/strong><\/p>\n<ul>\n<li>\u00bfC\u00f3mo se aplica la programaci\u00f3n?<\/li>\n<li>Funciones en Python<\/li>\n<li>Algoritmos<\/li>\n<li>\u00a0Anaconda Prompt<\/li>\n<li>El ambiente de Jupyter Notebook para escribir y ejecutar c\u00f3digo<\/li>\n<\/ul>\n<p><strong>1. Cap\u00edtulo 1 Control y desarrollo de programas con Phyton<\/strong><\/p>\n<ul>\n<li>\u00a0Introducci\u00f3n<\/li>\n<li>\u00a0Algoritmos \u2013 Pseudoc\u00f3digo y otros<\/li>\n<li>\u00a0Sentencias de Control, de decisi\u00f3n y repetici\u00f3n<\/li>\n<li>Sentencia if, else, if\u2026elif\u2026else<\/li>\n<li>Sentencia While<\/li>\n<li>\u00a0Sentencia for<\/li>\n<li>Ejemplos<\/li>\n<li>Operadores Booleanos AND \u2013 OR<\/li>\n<li>Ejercicios<\/li>\n<\/ul>\n<p><strong>2. Cap\u00edtulo 2 Funciones<\/strong><\/p>\n<ul>\n<li>\u00a0Introducci\u00f3n<\/li>\n<li>Funci\u00f3n Def<\/li>\n<li>Funciones con M\u00faltiples Par\u00e1metros<\/li>\n<li>N\u00fameros aleatorios<\/li>\n<li>Ejemplos<\/li>\n<li>Funciones sin par\u00e1metros y m\u00faltiples par\u00e1metros<\/li>\n<li>Alcance local y global<\/li>\n<li>El m\u00f3dulo de matem\u00e1ticas de Python<\/li>\n<li>Medidas de Tendencia Central y de Dispersi\u00f3n<\/li>\n<\/ul>\n<p><strong>3. Cap\u00edtulo 3 Lista y Tuplas<\/strong><\/p>\n<ul>\n<li>Introducci\u00f3n<\/li>\n<li>Listas<\/li>\n<li>\u00a0Tuplas<\/li>\n<li>Separando secuencias<\/li>\n<li>Listas ordenadas<\/li>\n<li>Comprensi\u00f3n de listas<\/li>\n<li>\u00a0Listas de 2 dimensiones<\/li>\n<li>\u00a0Visualizaci\u00f3n de datos est\u00e1ticos<\/li>\n<li>\u00a0Ejercicios<\/li>\n<\/ul>\n<p><strong>4. Cap\u00edtulo 4 Archivos<\/strong><\/p>\n<ul>\n<li>Introducci\u00f3n<\/li>\n<li>Archivos TXT<\/li>\n<li>Archivos JSON<\/li>\n<li>Manipulaci\u00f3n de Excepciones<\/li>\n<li>Ejemplos<\/li>\n<li>Archivos CSV<\/li>\n<li>\u00a0Lectura de archivos CSV con DataFrame de Pandas<\/li>\n<li>Ejercicios<\/li>\n<\/ul>\n<p><strong>5. Cap\u00edtulo 5 Procesamiento De Datos<\/strong><\/p>\n<ul>\n<li>\u00a0Operadores de Python<\/li>\n<li>\u00a0Operadores aritm\u00e9ticos<\/li>\n<li>Operadores de asignaci\u00f3n<\/li>\n<li>Operadores de comparaci\u00f3n<\/li>\n<li>\u00a0Operadores l\u00f3gicos<\/li>\n<\/ul>\n<p><strong>6. Cap\u00edtulo 6 Sentencias De Control<\/strong><\/p>\n<ul>\n<li>Sentencias<\/li>\n<li>IF\/ELSE<\/li>\n<li>Ejecuci\u00f3n modo DEBUG<\/li>\n<li>\u00a0Sintaxis IF\/ELSE simplificada<\/li>\n<li>Ciclos<\/li>\n<li>While<\/li>\n<li>\u00a0For<\/li>\n<\/ul>\n","protected":false},"excerpt":{"rendered":"<p>OBJETIVO Desarrollar algoritmos a partir de situaciones reales, aplicando herramientas concretas para el procesamiento y extracci\u00f3n de informaci\u00f3n en el lenguaje de programaci\u00f3n\u00a0Python,\u00a0generando soluciones creativas, para el desarrollo de c\u00f3digos de programaci\u00f3n. DIRIGIDO A Profesionales y t\u00e9cnico-profesional con conocimientos b\u00e1sicos de Phyton en programaci\u00f3n. TEMARIO Repaso nivel b\u00e1sico \u00bfC\u00f3mo se aplica la programaci\u00f3n? Funciones en&#8230;<\/p>\n","protected":false},"featured_media":10384,"template":"","meta":{"_acf_changed":false},"product_brand":[],"product_cat":[136,150],"product_tag":[],"class_list":{"0":"post-10227","1":"product","2":"type-product","3":"status-publish","4":"has-post-thumbnail","6":"product_cat-inteligencia-artificial-area-computacion-e-informatica-cursos_elearning","7":"product_cat-programacion","9":"first","10":"instock","11":"shipping-taxable","12":"product-type-simple"},"acf":[],"yoast_head":"<!-- This site is optimized with the Yoast SEO plugin v24.8.1 - https:\/\/yoast.com\/wordpress\/plugins\/seo\/ -->\n<title>Python Nivel Intermedio - Play Comp<\/title>\n<meta name=\"robots\" content=\"index, follow, max-snippet:-1, max-image-preview:large, max-video-preview:-1\" \/>\n<link rel=\"canonical\" href=\"https:\/\/playcomp.cl\/index.php\/producto\/python-nivel-intermedio\/\" \/>\n<meta property=\"og:locale\" content=\"es_ES\" \/>\n<meta property=\"og:type\" content=\"article\" \/>\n<meta property=\"og:title\" content=\"Python Nivel Intermedio - Play Comp\" \/>\n<meta property=\"og:description\" content=\"OBJETIVO Desarrollar algoritmos a partir de situaciones reales, aplicando herramientas concretas para el procesamiento y extracci\u00f3n de informaci\u00f3n en el lenguaje de programaci\u00f3n\u00a0Python,\u00a0generando soluciones creativas, para el desarrollo de c\u00f3digos de programaci\u00f3n. DIRIGIDO A Profesionales y t\u00e9cnico-profesional con conocimientos b\u00e1sicos de Phyton en programaci\u00f3n. TEMARIO Repaso nivel b\u00e1sico \u00bfC\u00f3mo se aplica la programaci\u00f3n? Funciones en...\" \/>\n<meta property=\"og:url\" content=\"https:\/\/playcomp.cl\/index.php\/producto\/python-nivel-intermedio\/\" \/>\n<meta property=\"og:site_name\" content=\"Play Comp\" \/>\n<meta property=\"article:publisher\" content=\"https:\/\/www.facebook.com\/playcompchile\/\" \/>\n<meta property=\"article:modified_time\" content=\"2025-05-25T21:19:05+00:00\" \/>\n<meta property=\"og:image\" content=\"https:\/\/playcomp.cl\/wp-content\/uploads\/2024\/05\/Python-IMG-1.png\" \/>\n\t<meta property=\"og:image:width\" content=\"300\" \/>\n\t<meta property=\"og:image:height\" content=\"300\" \/>\n\t<meta property=\"og:image:type\" content=\"image\/png\" \/>\n<meta name=\"twitter:card\" content=\"summary_large_image\" \/>\n<meta name=\"twitter:label1\" content=\"Tiempo de lectura\" \/>\n\t<meta name=\"twitter:data1\" content=\"2 minutos\" \/>\n<script type=\"application\/ld+json\" class=\"yoast-schema-graph\">{\"@context\":\"https:\/\/schema.org\",\"@graph\":[{\"@type\":\"WebPage\",\"@id\":\"https:\/\/playcomp.cl\/index.php\/producto\/python-nivel-intermedio\/\",\"url\":\"https:\/\/playcomp.cl\/index.php\/producto\/python-nivel-intermedio\/\",\"name\":\"Python Nivel Intermedio - Play Comp\",\"isPartOf\":{\"@id\":\"https:\/\/playcomp.cl\/#website\"},\"primaryImageOfPage\":{\"@id\":\"https:\/\/playcomp.cl\/index.php\/producto\/python-nivel-intermedio\/#primaryimage\"},\"image\":{\"@id\":\"https:\/\/playcomp.cl\/index.php\/producto\/python-nivel-intermedio\/#primaryimage\"},\"thumbnailUrl\":\"https:\/\/playcomp.cl\/wp-content\/uploads\/2024\/05\/Python-IMG-1.png\",\"datePublished\":\"2024-10-11T18:07:44+00:00\",\"dateModified\":\"2025-05-25T21:19:05+00:00\",\"breadcrumb\":{\"@id\":\"https:\/\/playcomp.cl\/index.php\/producto\/python-nivel-intermedio\/#breadcrumb\"},\"inLanguage\":\"es\",\"potentialAction\":[{\"@type\":\"ReadAction\",\"target\":[\"https:\/\/playcomp.cl\/index.php\/producto\/python-nivel-intermedio\/\"]}]},{\"@type\":\"ImageObject\",\"inLanguage\":\"es\",\"@id\":\"https:\/\/playcomp.cl\/index.php\/producto\/python-nivel-intermedio\/#primaryimage\",\"url\":\"https:\/\/playcomp.cl\/wp-content\/uploads\/2024\/05\/Python-IMG-1.png\",\"contentUrl\":\"https:\/\/playcomp.cl\/wp-content\/uploads\/2024\/05\/Python-IMG-1.png\",\"width\":300,\"height\":300},{\"@type\":\"BreadcrumbList\",\"@id\":\"https:\/\/playcomp.cl\/index.php\/producto\/python-nivel-intermedio\/#breadcrumb\",\"itemListElement\":[{\"@type\":\"ListItem\",\"position\":1,\"name\":\"Portada\",\"item\":\"https:\/\/playcomp.cl\/\"},{\"@type\":\"ListItem\",\"position\":2,\"name\":\"Tienda\",\"item\":\"https:\/\/playcomp.cl\/index.php\/tienda\/\"},{\"@type\":\"ListItem\",\"position\":3,\"name\":\"Python Nivel Intermedio\"}]},{\"@type\":\"WebSite\",\"@id\":\"https:\/\/playcomp.cl\/#website\",\"url\":\"https:\/\/playcomp.cl\/\",\"name\":\"Play Comp\",\"description\":\"Organismo T\u00e9cnico de Capacitaci\u00f3n\",\"publisher\":{\"@id\":\"https:\/\/playcomp.cl\/#organization\"},\"potentialAction\":[{\"@type\":\"SearchAction\",\"target\":{\"@type\":\"EntryPoint\",\"urlTemplate\":\"https:\/\/playcomp.cl\/?s={search_term_string}\"},\"query-input\":{\"@type\":\"PropertyValueSpecification\",\"valueRequired\":true,\"valueName\":\"search_term_string\"}}],\"inLanguage\":\"es\"},{\"@type\":\"Organization\",\"@id\":\"https:\/\/playcomp.cl\/#organization\",\"name\":\"Play Comp\",\"url\":\"https:\/\/playcomp.cl\/\",\"logo\":{\"@type\":\"ImageObject\",\"inLanguage\":\"es\",\"@id\":\"https:\/\/playcomp.cl\/#\/schema\/logo\/image\/\",\"url\":\"https:\/\/playcomp.cl\/wp-content\/uploads\/2017\/07\/Artboard-36.png\",\"contentUrl\":\"https:\/\/playcomp.cl\/wp-content\/uploads\/2017\/07\/Artboard-36.png\",\"width\":423,\"height\":112,\"caption\":\"Play Comp\"},\"image\":{\"@id\":\"https:\/\/playcomp.cl\/#\/schema\/logo\/image\/\"},\"sameAs\":[\"https:\/\/www.facebook.com\/playcompchile\/\",\"https:\/\/www.instagram.com\/playcomp_capacitacion?igsh=OGtwZzBsYW5qbTF5\"]}]}<\/script>\n<!-- \/ Yoast SEO plugin. -->","yoast_head_json":{"title":"Python Nivel Intermedio - Play Comp","robots":{"index":"index","follow":"follow","max-snippet":"max-snippet:-1","max-image-preview":"max-image-preview:large","max-video-preview":"max-video-preview:-1"},"canonical":"https:\/\/playcomp.cl\/index.php\/producto\/python-nivel-intermedio\/","og_locale":"es_ES","og_type":"article","og_title":"Python Nivel Intermedio - Play Comp","og_description":"OBJETIVO Desarrollar algoritmos a partir de situaciones reales, aplicando herramientas concretas para el procesamiento y extracci\u00f3n de informaci\u00f3n en el lenguaje de programaci\u00f3n\u00a0Python,\u00a0generando soluciones creativas, para el desarrollo de c\u00f3digos de programaci\u00f3n. DIRIGIDO A Profesionales y t\u00e9cnico-profesional con conocimientos b\u00e1sicos de Phyton en programaci\u00f3n. TEMARIO Repaso nivel b\u00e1sico \u00bfC\u00f3mo se aplica la programaci\u00f3n? Funciones en...","og_url":"https:\/\/playcomp.cl\/index.php\/producto\/python-nivel-intermedio\/","og_site_name":"Play Comp","article_publisher":"https:\/\/www.facebook.com\/playcompchile\/","article_modified_time":"2025-05-25T21:19:05+00:00","og_image":[{"width":300,"height":300,"url":"https:\/\/playcomp.cl\/wp-content\/uploads\/2024\/05\/Python-IMG-1.png","type":"image\/png"}],"twitter_card":"summary_large_image","twitter_misc":{"Tiempo de lectura":"2 minutos"},"schema":{"@context":"https:\/\/schema.org","@graph":[{"@type":"WebPage","@id":"https:\/\/playcomp.cl\/index.php\/producto\/python-nivel-intermedio\/","url":"https:\/\/playcomp.cl\/index.php\/producto\/python-nivel-intermedio\/","name":"Python Nivel Intermedio - Play Comp","isPartOf":{"@id":"https:\/\/playcomp.cl\/#website"},"primaryImageOfPage":{"@id":"https:\/\/playcomp.cl\/index.php\/producto\/python-nivel-intermedio\/#primaryimage"},"image":{"@id":"https:\/\/playcomp.cl\/index.php\/producto\/python-nivel-intermedio\/#primaryimage"},"thumbnailUrl":"https:\/\/playcomp.cl\/wp-content\/uploads\/2024\/05\/Python-IMG-1.png","datePublished":"2024-10-11T18:07:44+00:00","dateModified":"2025-05-25T21:19:05+00:00","breadcrumb":{"@id":"https:\/\/playcomp.cl\/index.php\/producto\/python-nivel-intermedio\/#breadcrumb"},"inLanguage":"es","potentialAction":[{"@type":"ReadAction","target":["https:\/\/playcomp.cl\/index.php\/producto\/python-nivel-intermedio\/"]}]},{"@type":"ImageObject","inLanguage":"es","@id":"https:\/\/playcomp.cl\/index.php\/producto\/python-nivel-intermedio\/#primaryimage","url":"https:\/\/playcomp.cl\/wp-content\/uploads\/2024\/05\/Python-IMG-1.png","contentUrl":"https:\/\/playcomp.cl\/wp-content\/uploads\/2024\/05\/Python-IMG-1.png","width":300,"height":300},{"@type":"BreadcrumbList","@id":"https:\/\/playcomp.cl\/index.php\/producto\/python-nivel-intermedio\/#breadcrumb","itemListElement":[{"@type":"ListItem","position":1,"name":"Portada","item":"https:\/\/playcomp.cl\/"},{"@type":"ListItem","position":2,"name":"Tienda","item":"https:\/\/playcomp.cl\/index.php\/tienda\/"},{"@type":"ListItem","position":3,"name":"Python Nivel Intermedio"}]},{"@type":"WebSite","@id":"https:\/\/playcomp.cl\/#website","url":"https:\/\/playcomp.cl\/","name":"Play Comp","description":"Organismo T\u00e9cnico de Capacitaci\u00f3n","publisher":{"@id":"https:\/\/playcomp.cl\/#organization"},"potentialAction":[{"@type":"SearchAction","target":{"@type":"EntryPoint","urlTemplate":"https:\/\/playcomp.cl\/?s={search_term_string}"},"query-input":{"@type":"PropertyValueSpecification","valueRequired":true,"valueName":"search_term_string"}}],"inLanguage":"es"},{"@type":"Organization","@id":"https:\/\/playcomp.cl\/#organization","name":"Play Comp","url":"https:\/\/playcomp.cl\/","logo":{"@type":"ImageObject","inLanguage":"es","@id":"https:\/\/playcomp.cl\/#\/schema\/logo\/image\/","url":"https:\/\/playcomp.cl\/wp-content\/uploads\/2017\/07\/Artboard-36.png","contentUrl":"https:\/\/playcomp.cl\/wp-content\/uploads\/2017\/07\/Artboard-36.png","width":423,"height":112,"caption":"Play Comp"},"image":{"@id":"https:\/\/playcomp.cl\/#\/schema\/logo\/image\/"},"sameAs":["https:\/\/www.facebook.com\/playcompchile\/","https:\/\/www.instagram.com\/playcomp_capacitacion?igsh=OGtwZzBsYW5qbTF5"]}]}},"_links":{"self":[{"href":"https:\/\/playcomp.cl\/index.php\/wp-json\/wp\/v2\/product\/10227","targetHints":{"allow":["GET"]}}],"collection":[{"href":"https:\/\/playcomp.cl\/index.php\/wp-json\/wp\/v2\/product"}],"about":[{"href":"https:\/\/playcomp.cl\/index.php\/wp-json\/wp\/v2\/types\/product"}],"wp:featuredmedia":[{"embeddable":true,"href":"https:\/\/playcomp.cl\/index.php\/wp-json\/wp\/v2\/media\/10384"}],"wp:attachment":[{"href":"https:\/\/playcomp.cl\/index.php\/wp-json\/wp\/v2\/media?parent=10227"}],"wp:term":[{"taxonomy":"product_brand","embeddable":true,"href":"https:\/\/playcomp.cl\/index.php\/wp-json\/wp\/v2\/product_brand?post=10227"},{"taxonomy":"product_cat","embeddable":true,"href":"https:\/\/playcomp.cl\/index.php\/wp-json\/wp\/v2\/product_cat?post=10227"},{"taxonomy":"product_tag","embeddable":true,"href":"https:\/\/playcomp.cl\/index.php\/wp-json\/wp\/v2\/product_tag?post=10227"}],"curies":[{"name":"wp","href":"https:\/\/api.w.org\/{rel}","templated":true}]}}